{"id":32,"date":"2018-07-23T13:02:13","date_gmt":"2018-07-23T11:02:13","guid":{"rendered":"http:\/\/2018.substanz-os.de\/?page_id=32"},"modified":"2023-01-05T10:23:48","modified_gmt":"2023-01-05T09:23:48","slug":"datenschutzerklaerung","status":"publish","type":"page","link":"https:\/\/www.substanz-os.de\/?page_id=32","title":{"rendered":"Datenschutzerkl\u00e4rung"},"content":{"rendered":"\n<p>Freundeskreis f\u00fcr ein selbstverwaltetes Zentrum Bildung und Kultur e.V.<br>Vertr. durch die Sprecher_innen (i.S.d. BGB Vorstand)<br>Postfach 1646<br>49006 Osnabr\u00fcck<\/p>\n\n\n\n<h2 class=\"wp-block-heading\">Cookies<\/h2>\n\n\n\n<h4 class=\"wp-block-heading\">Art und Zweck der Verarbeitung:<\/h4>\n\n\n\n<p>Wie viele andere Webseiten verwenden wir auch so genannte \u201eCookies\u201c. \nCookies sind kleine Textdateien, die von einem Websiteserver auf Ihre \nFestplatte \u00fcbertragen werden. Hierdurch erhalten wir automatisch \nbestimmte Daten wie z. B. IP-Adresse, verwendeter Browser, \nBetriebssystem und Ihre Verbindung zum Internet.<\/p>\n\n\n\n<p>Cookies k\u00f6nnen nicht verwendet werden, um Programme zu starten oder \nViren auf einen Computer zu \u00fcbertragen. Anhand der in Cookies \nenthaltenen Informationen k\u00f6nnen wir Ihnen die Navigation erleichtern \nund die korrekte Anzeige unserer Webseiten erm\u00f6glichen.<\/p>\n\n\n\n<p>In keinem Fall werden die von uns erfassten Daten an Dritte \nweitergegeben oder ohne Ihre Einwilligung eine Verkn\u00fcpfung mit \npersonenbezogenen Daten hergestellt.<\/p>\n\n\n\n<p>Nat\u00fcrlich k\u00f6nnen Sie unsere Website grunds\u00e4tzlich auch ohne Cookies \nbetrachten. Internet-Browser sind regelm\u00e4\u00dfig so eingestellt, dass sie \nCookies akzeptieren. Im Allgemeinen k\u00f6nnen Sie die Verwendung von \nCookies jederzeit \u00fcber die Einstellungen Ihres Browsers deaktivieren. \nBitte verwenden Sie die Hilfefunktionen Ihres Internetbrowsers, um zu \nerfahren, wie Sie diese Einstellungen \u00e4ndern k\u00f6nnen. Bitte beachten Sie,\n dass einzelne Funktionen unserer Website m\u00f6glicherweise nicht \nfunktionieren, wenn Sie die Verwendung von Cookies deaktiviert haben.<\/p>\n\n\n\n<h4 class=\"wp-block-heading\">Speicherdauer und eingesetzte Cookies:<\/h4>\n\n\n\n<p>Soweit Sie uns durch Ihre Browsereinstellungen oder Zustimmung die \nVerwendung von Cookies erlauben, k\u00f6nnen folgende Cookies auf unseren \nWebseiten zum Einsatz kommen:<\/p>\n\n\n\n<p>Die Kalenderfunktion setzt Cookies, diese laufen mit Beendigung der Browsersitzung ab.<\/p>\n\n\n\n<p>Soweit diese Cookies (auch) personenbezogene Daten betreffen k\u00f6nnen, informieren wir Sie dar\u00fcber in den folgenden Abschnitten.<\/p>\n\n\n\n<p>Sie k\u00f6nnen \u00fcber Ihre Browsereinstellungen einzelne Cookies oder den \ngesamten Cookie-Bestand l\u00f6schen. Dar\u00fcber hinaus erhalten Sie \nInformationen und Anleitungen, wie diese Cookies gel\u00f6scht oder deren \nSpeicherung vorab blockiert werden k\u00f6nnen. Je nach Anbieter Ihres \nBrowsers finden Sie die notwendigen Informationen unter den \nnachfolgenden Links:<\/p>\n\n\n\n<ul><li>Mozilla Firefox: <a href=\"https:\/\/support.mozilla.org\/de\/kb\/cookies-loeschen-daten-von-websites-entfernen\" rel=\"noreferrer noopener\" target=\"_blank\">https:\/\/support.mozilla.org\/de\/kb\/cookies-loeschen-daten-von-websites-entfernen<\/a><\/li><li>Internet Explorer: <a href=\"https:\/\/support.microsoft.com\/de-de\/help\/17442\/windows-internet-explorer-delete-manage-cookies\" rel=\"noreferrer noopener\" target=\"_blank\">https:\/\/support.microsoft.com\/de-de\/help\/17442\/windows-internet-explorer-delete-manage-cookies<\/a><\/li><li>Google Chrome: <a href=\"https:\/\/support.google.com\/accounts\/answer\/61416?hl=de\" rel=\"noreferrer noopener\" target=\"_blank\">https:\/\/support.google.com\/accounts\/answer\/61416?hl=de<\/a><\/li><li>Opera: <a href=\"http:\/\/www.opera.com\/de\/help\" rel=\"noreferrer noopener\" target=\"_blank\">http:\/\/www.opera.com\/de\/help<\/a><\/li><li>Safari: <a href=\"https:\/\/support.apple.com\/kb\/PH17191?locale=de_DE&amp;viewlocale=de_DE\" rel=\"noreferrer noopener\" target=\"_blank\">https:\/\/support.apple.com\/kb\/PH17191?locale=de_DE&amp;viewlocale=de_DE<\/a><\/li><\/ul>\n\n\n\n<h2 class=\"wp-block-heading\">\u00c4nderung unserer Datenschutzbestimmungen<\/h2>\n\n\n\n<p>Wir behalten uns vor, diese Datenschutzerkl\u00e4rung anzupassen, damit  sie stets den aktuellen rechtlichen Anforderungen entspricht oder um  \u00c4nderungen unserer Leistungen in der Datenschutzerkl\u00e4rung umzusetzen,  z.B. bei der Einf\u00fchrung neuer Services. F\u00fcr Ihren erneuten Besuch gilt  dann die neue Datenschutzerkl\u00e4rung.<\/p>\n\n\n\n<p><em>Die Datenschutzerkl\u00e4rung wurde mit dem <\/em><em><a href=\"https:\/\/www.activemind.de\/datenschutz\/datenschutzhinweis-generator\/\" rel=\"noreferrer noopener\" target=\"_blank\">Datenschutzerkl\u00e4rungs-Generator der activeMind AG erstellt<\/a> (Version 2018-06-22).<\/em><\/p>\n","protected":false},"excerpt":{"rendered":"<p>Freundeskreis f\u00fcr ein selbstverwaltetes Zentrum Bildung und Kultur e.V.Vertr. durch die Sprecher_innen (i.S.d. BGB Vorstand)Postfach 164649006 Osnabr\u00fcck Cookies Art und Zweck der Verarbeitung: Wie viele andere Webseiten verwenden wir auch so genannte \u201eCookies\u201c. Cookies sind kleine Textdateien, die von einem Websiteserver auf Ihre Festplatte \u00fcbertragen werden. Hierdurch erhalten wir automatisch bestimmte Daten wie z. B. &hellip; <\/p>\n<p class=\"link-more\"><a href=\"https:\/\/www.substanz-os.de\/?page_id=32\" class=\"more-link\"><span class=\"screen-reader-text\">\u201eDatenschutzerkl\u00e4rung\u201c<\/span> weiterlesen<\/a><\/p>\n","protected":false},"author":1,"featured_media":0,"parent":16,"menu_order":910,"comment_status":"closed","ping_status":"closed","template":"","meta":[],"post_mailing_queue_ids":[],"_links":{"self":[{"href":"https:\/\/www.substanz-os.de\/index.php?rest_route=\/wp\/v2\/pages\/32"}],"collection":[{"href":"https:\/\/www.substanz-os.de\/index.php?rest_route=\/wp\/v2\/pages"}],"about":[{"href":"https:\/\/www.substanz-os.de\/index.php?rest_route=\/wp\/v2\/types\/page"}],"author":[{"embeddable":true,"href":"https:\/\/www.substanz-os.de\/index.php?rest_route=\/wp\/v2\/users\/1"}],"replies":[{"embeddable":true,"href":"https:\/\/www.substanz-os.de\/index.php?rest_route=%2Fwp%2Fv2%2Fcomments&post=32"}],"version-history":[{"count":4,"href":"https:\/\/www.substanz-os.de\/index.php?rest_route=\/wp\/v2\/pages\/32\/revisions"}],"predecessor-version":[{"id":1459,"href":"https:\/\/www.substanz-os.de\/index.php?rest_route=\/wp\/v2\/pages\/32\/revisions\/1459"}],"up":[{"embeddable":true,"href":"https:\/\/www.substanz-os.de\/index.php?rest_route=\/wp\/v2\/pages\/16"}],"wp:attachment":[{"href":"https:\/\/www.substanz-os.de\/index.php?rest_route=%2Fwp%2Fv2%2Fmedia&parent=32"}],"curies":[{"name":"wp","href":"https:\/\/api.w.org\/{rel}","templated":true}]}}