{"id":2390,"date":"2024-07-05T21:40:07","date_gmt":"2024-07-05T19:40:07","guid":{"rendered":"https:\/\/www.substanz-os.de\/?page_id=2390"},"modified":"2025-09-11T17:38:35","modified_gmt":"2025-09-11T15:38:35","slug":"spenden-fuers-substanz","status":"publish","type":"page","link":"https:\/\/www.substanz-os.de\/?page_id=2390","title":{"rendered":"Spenden f\u00fcrs SubstAnZ"},"content":{"rendered":"\n<figure class=\"wp-block-image size-large\"><img decoding=\"async\" loading=\"lazy\" width=\"1024\" height=\"256\" src=\"http:\/\/www.substanz-os.de\/wp-content\/uploads\/2024\/07\/substanzbrauchtdich_quer-1024x256.png\" alt=\"Jetzt f\u00fcrs SubstAnZ spenden!\" class=\"wp-image-2401\" srcset=\"https:\/\/www.substanz-os.de\/wp-content\/uploads\/2024\/07\/substanzbrauchtdich_quer-1024x256.png 1024w, https:\/\/www.substanz-os.de\/wp-content\/uploads\/2024\/07\/substanzbrauchtdich_quer-300x75.png 300w, https:\/\/www.substanz-os.de\/wp-content\/uploads\/2024\/07\/substanzbrauchtdich_quer-768x192.png 768w, https:\/\/www.substanz-os.de\/wp-content\/uploads\/2024\/07\/substanzbrauchtdich_quer-1536x383.png 1536w, https:\/\/www.substanz-os.de\/wp-content\/uploads\/2024\/07\/substanzbrauchtdich_quer.png 2027w\" sizes=\"(max-width: 767px) 89vw, (max-width: 1000px) 54vw, (max-width: 1071px) 543px, 580px\" \/><\/figure>\n\n\n\n<p>Wir als selbstverwaltetes Zentrum SubstAnZ in Osnabr\u00fcck brauchen eure Unterst\u00fctzung. Damit es in Osnabr\u00fcck weiterhin einen Ort f\u00fcr emanzipatorische Politik und unkommerzielle Kunst &amp; Kultur geben kann.<\/p>\n\n\n\n<p><strong>Eine M\u00f6glichkeit der finanziellen Unterst\u00fctzung ist eine Spende f\u00fcr unser Hausprojekt.<\/strong> <\/p>\n\n\n\n<p>Das geht ganz einfach per \u00dcberweisung:<\/p>\n\n\n\n<p><strong>Freundeskreis f\u00fcr ein Selbstverwaltetes Zentrum, Bildung und Kultur (FrAZ e.V.)<\/strong><br>GLS Bank<br>IBAN: DE91430609674020189400<br>BIC: GENODEM1GLS<\/p>\n\n\n\n<p>Du kannst auch in bar w\u00e4hrend unserer \u00d6ffnungszeiten spenden. Gerne stellen wir daf\u00fcr auch Spendenquittungen aus, wenn Du uns dies per Mail an <a href=\"mailto:kasse@substanz-os.de\">kasse@substanz-os.de<\/a> mitteilst.<\/p>\n\n\n\n<p><strong>NEU: Du kannst jetzt auch ganz einfach \u00fcber <a href=\"https:\/\/www.betterplace.org\/de\/projects\/139697-substanz-bleibt\" target=\"_blank\" rel=\"noreferrer noopener\">betterplace.org<\/a> f\u00fcrs SubstAnZ spenden:<\/strong><\/p>\n\n\n\n<script type=\"text\/javascript\">\n  \/* Configure at https:\/\/www.betterplace.org\/de\/manage\/projects\/139697-substanz-bleibt\/iframe_donation_form\/new *\/\n  var _bp_iframe        = _bp_iframe || {};\n  _bp_iframe.project_id = 139697; \/* REQUIRED *\/\n  _bp_iframe.lang       = 'de'; \/* Language of the form *\/\n  _bp_iframe.width = 600; \/* Custom iframe-tag-width, integer *\/\n  _bp_iframe.color = 'B03B3B'; \/* Button and banderole color, hex without \"#\" *\/\n  _bp_iframe.background_color = 'ffffff'; \/* Background-color, hex without \"#\" *\/\n  _bp_iframe.default_amount = 50; \/* Donation-amount, integer 1-99 *\/\n  _bp_iframe.recurring_interval = 'single'; \/* Interval for recurring donations, string out of single, monthly und yearly *\/\n  _bp_iframe.bottom_logo = true;\n  (function() {\n    var bp = document.createElement('script'); bp.type = 'text\/javascript'; bp.async = true;\n    bp.src = 'https:\/\/betterplace-assets.betterplace.org\/assets\/load_donation_iframe.js';\n    var s = document.getElementsByTagName('script')[0]; s.parentNode.insertBefore(bp, s);\n  })();\n<\/script>\n<div id=\"betterplace_donation_iframe\" style=\"background: transparent url('https:\/\/www.betterplace.org\/assets\/new_spinner.gif') 275px 20px no-repeat;\"><strong><a href=\"https:\/\/www.betterplace.org\/de\/donate\/platform\/projects\/139697-substanz-bleibt\">Jetzt Spenden f\u00fcr \u201eSubstAnZ bleibt!\u201c bei unserem Partner betterplace.org<\/a><\/strong><\/div>\n","protected":false},"excerpt":{"rendered":"<p>Wir als selbstverwaltetes Zentrum SubstAnZ in Osnabr\u00fcck brauchen eure Unterst\u00fctzung. Damit es in Osnabr\u00fcck weiterhin einen Ort f\u00fcr emanzipatorische Politik und unkommerzielle Kunst &amp; Kultur geben kann. Eine M\u00f6glichkeit der finanziellen Unterst\u00fctzung ist eine Spende f\u00fcr unser Hausprojekt. Das geht ganz einfach per \u00dcberweisung: Freundeskreis f\u00fcr ein Selbstverwaltetes Zentrum, Bildung und Kultur (FrAZ e.V.)GLS BankIBAN: &hellip; <\/p>\n<p class=\"link-more\"><a href=\"https:\/\/www.substanz-os.de\/?page_id=2390\" class=\"more-link\"><span class=\"screen-reader-text\">\u201eSpenden f\u00fcrs SubstAnZ\u201c<\/span> weiterlesen<\/a><\/p>\n","protected":false},"author":2,"featured_media":0,"parent":12,"menu_order":415,"comment_status":"closed","ping_status":"closed","template":"","meta":[],"post_mailing_queue_ids":[],"_links":{"self":[{"href":"https:\/\/www.substanz-os.de\/index.php?rest_route=\/wp\/v2\/pages\/2390"}],"collection":[{"href":"https:\/\/www.substanz-os.de\/index.php?rest_route=\/wp\/v2\/pages"}],"about":[{"href":"https:\/\/www.substanz-os.de\/index.php?rest_route=\/wp\/v2\/types\/page"}],"author":[{"embeddable":true,"href":"https:\/\/www.substanz-os.de\/index.php?rest_route=\/wp\/v2\/users\/2"}],"replies":[{"embeddable":true,"href":"https:\/\/www.substanz-os.de\/index.php?rest_route=%2Fwp%2Fv2%2Fcomments&post=2390"}],"version-history":[{"count":10,"href":"https:\/\/www.substanz-os.de\/index.php?rest_route=\/wp\/v2\/pages\/2390\/revisions"}],"predecessor-version":[{"id":2673,"href":"https:\/\/www.substanz-os.de\/index.php?rest_route=\/wp\/v2\/pages\/2390\/revisions\/2673"}],"up":[{"embeddable":true,"href":"https:\/\/www.substanz-os.de\/index.php?rest_route=\/wp\/v2\/pages\/12"}],"wp:attachment":[{"href":"https:\/\/www.substanz-os.de\/index.php?rest_route=%2Fwp%2Fv2%2Fmedia&parent=2390"}],"curies":[{"name":"wp","href":"https:\/\/api.w.org\/{rel}","templated":true}]}}