{"id":145,"date":"2018-09-15T10:59:49","date_gmt":"2018-09-15T08:59:49","guid":{"rendered":"http:\/\/2018.substanz-os.de\/?page_id=145"},"modified":"2019-08-06T22:05:00","modified_gmt":"2019-08-06T20:05:00","slug":"wie-funktioniert-das-substanz","status":"publish","type":"page","link":"https:\/\/www.substanz-os.de\/?page_id=145","title":{"rendered":"Wie funktioniert das SubstAnZ?"},"content":{"rendered":"\n<p>Das SubstAnZ ist ein politischer Freiraum, der von den Menschen gestaltet wird, die ihn nutzen. <br>Alle zentralen Entscheidungen, die das Haus betreffen, werden beim w\u00f6chentlichen Plenum mittwochs ab 19 Uhr getroffen. Das erstreckt sich von Finanzen \u00fcber Veranstaltungen bishin zur Aufgabenverteilung, wer denn eigentlich den M\u00fcll rausbringt. So ein Haus ist was tolles, es bringt aber auch viele gr\u00f6\u00dfere und kleinere Arbeitsfelder mit sich. Es findet also jede*r etwas zu tun, der*die m\u00f6chte. <br>Dieses Plenum ist ein offenes Plenum, zu dem alle Menschen herzlich eingeladen sind, die unsere Grunds\u00e4tze teilen. Wir brauchen euch! <br><br>Weitere Infos \u00fcber die verschiedenen Plena findest du unter <a href=\"http:\/\/2018.substanz-os.de\/?page_id=92\">(Polit-)Plenum.&nbsp;<\/a><br>Zus\u00e4tzlich zum SubstAnZ-Plenum finden bei uns im Haus aber auch ganz viele unterschiedliche Treffen von Konzert-, Party- und Politgruppen statt, ebenso wie Lesungen, Vortr\u00e4ge und Workshops. <br>Wenn du selbst etwas organisieren m\u00f6chtest oder eine Frage hast, ist das mittwochs-Plenum der richtige Ort f\u00fcr dich. <\/p>\n\n\n\n<p>Die Sprecher*innen (Vorstand) des Tr\u00e4gervereins haben keine besondere Rolle oder Rechte innerhalb des SubstAnZ. Sie sind Nutzer*innen wie jeder andere Mensch auch. Auch haben sie keinen Einfluss auf die Inhalte der Veranstaltungen innerhalb des SubstAnZ &#8211; Alles geschieht eigenverantwortlich durch die ausrichtenden Veranstalter*innen. <br><br><br><br><br><\/p>\n","protected":false},"excerpt":{"rendered":"<p>Das SubstAnZ ist ein politischer Freiraum, der von den Menschen gestaltet wird, die ihn nutzen. Alle zentralen Entscheidungen, die das Haus betreffen, werden beim w\u00f6chentlichen Plenum mittwochs ab 19 Uhr getroffen. Das erstreckt sich von Finanzen \u00fcber Veranstaltungen bishin zur Aufgabenverteilung, wer denn eigentlich den M\u00fcll rausbringt. So ein Haus ist was tolles, es bringt &hellip; <\/p>\n<p class=\"link-more\"><a href=\"https:\/\/www.substanz-os.de\/?page_id=145\" class=\"more-link\"><span class=\"screen-reader-text\">\u201eWie funktioniert das SubstAnZ?\u201c<\/span> weiterlesen<\/a><\/p>\n","protected":false},"author":1,"featured_media":0,"parent":0,"menu_order":0,"comment_status":"closed","ping_status":"closed","template":"","meta":[],"post_mailing_queue_ids":[],"_links":{"self":[{"href":"https:\/\/www.substanz-os.de\/index.php?rest_route=\/wp\/v2\/pages\/145"}],"collection":[{"href":"https:\/\/www.substanz-os.de\/index.php?rest_route=\/wp\/v2\/pages"}],"about":[{"href":"https:\/\/www.substanz-os.de\/index.php?rest_route=\/wp\/v2\/types\/page"}],"author":[{"embeddable":true,"href":"https:\/\/www.substanz-os.de\/index.php?rest_route=\/wp\/v2\/users\/1"}],"replies":[{"embeddable":true,"href":"https:\/\/www.substanz-os.de\/index.php?rest_route=%2Fwp%2Fv2%2Fcomments&post=145"}],"version-history":[{"count":4,"href":"https:\/\/www.substanz-os.de\/index.php?rest_route=\/wp\/v2\/pages\/145\/revisions"}],"predecessor-version":[{"id":603,"href":"https:\/\/www.substanz-os.de\/index.php?rest_route=\/wp\/v2\/pages\/145\/revisions\/603"}],"wp:attachment":[{"href":"https:\/\/www.substanz-os.de\/index.php?rest_route=%2Fwp%2Fv2%2Fmedia&parent=145"}],"curies":[{"name":"wp","href":"https:\/\/api.w.org\/{rel}","templated":true}]}}