{"id":1186,"date":"2022-04-20T23:04:46","date_gmt":"2022-04-20T21:04:46","guid":{"rendered":"http:\/\/www.substanz-os.de\/?page_id=1186"},"modified":"2022-04-21T00:09:30","modified_gmt":"2022-04-20T22:09:30","slug":"stolpersteine-suchen-putzpatinnen-und-putzpaten","status":"publish","type":"page","link":"https:\/\/www.substanz-os.de\/?page_id=1186","title":{"rendered":"Stolpersteine suchen Putzpatinnen und Putzpaten"},"content":{"rendered":"\n<p style=\"text-align:left\"> <strong>&#8211; <a href=\"https:\/\/geo.osnabrueck.de\/stolpersteine\/?i=gedenken\" target=\"_blank\" rel=\"noreferrer noopener\" aria-label=\"Gesucht werden Menschen, die f\u00fcr einen Stolperstein vor ihrer Haust\u00fcr oder in der Nachbarschaft, die Verantwortung \u00fcbernehmen m\u00f6chten, so dass dieser Stein durch Putzen SICHTBAR bleibt. (\u00f6ffnet in neuem Tab)\">Gesucht werden Menschen, die f\u00fcr einen Stolperstein vor ihrer Haust\u00fcr oder in der Nachbarschaft, die Verantwortung \u00fcbernehmen m\u00f6chten, so dass dieser Stein durch Putzen SICHTBAR bleibt.<\/a> &#8211;  <\/strong> <\/p>\n\n\n\n<p>Nach den ersten Verlegungen von Stolpersteinen stellte sich schnell heraus, dass die quadratischen Messingtafeln durch Feinstaub und Abgase erst stumpf und dann fast schwarz werden. An vielbefahrenen Stra\u00dfen sind sie bereits nach wenigen Monaten kaum noch zu sehen. Aus diesem Grunde ist es sinnvoll Stolpersteine in der eigenen Nachbarschaft regelm\u00e4\u00dfig zu putzen, denn nach jeder Reinigung beginnt die Verschmutzung von neuem.  <\/p>\n\n\n\n<p>In Osnabr\u00fcck liegen zum Beispiel mittlerweile fast 300 Stolpersteine. Die kann niemand allein putzen.<\/p>\n\n\n\n<hr class=\"wp-block-separator\"\/>\n\n\n\n<p>Zum\nPutzen m\u00fcssen wir uns mit dem richtigen <strong>Material<\/strong>\nausr\u00fcsten:<\/p>\n\n\n\n<ul><li><strong>Ein\n\tKissen <\/strong><strong>f\u00fcr die\n\tKnie<\/strong>\n<\/li><\/ul>\n\n\n\n<p>Wenn\nwir mehr als einen Stolperstein putzen, k\u00f6nnen wir uns dabei nicht\nhinhocken &#8211; weil es zu anstrengend ist. In kniender Position ist das\ndeutlich einfacher. Daf\u00fcr besorgt man sich ein Kissen. Aus alten\nFrotteehandt\u00fcchern oder anderen Stoffresten lassen sich schnell\nsch\u00fctzende Unterlagen improvisieren.<\/p>\n\n\n\n<ul><li><strong>Putzmittel<\/strong>\n<\/li><\/ul>\n\n\n\n<p>Die\nAnzahl an Metallpolituren ist unendlich. Hierbei zu beachten ist\njedoch, dass <strong>j<\/strong><strong>edes Putzmittel, da<\/strong><strong>s<\/strong><strong>s mit\nWasser nachgesp\u00fclt werden muss, im Grundwasser <\/strong><strong>landet<\/strong><strong>.\n<\/strong><strong>Auf solche Putzmitteln sollten wir verzichten. <\/strong>Stattdessen\nm\u00f6chten wir unsere Erfahrungen mit euch Teilen.<\/p>\n\n\n\n<p>&#8211;\n<strong>Metallpolitur<\/strong>: \t\t\tWir kennen nur zwei brauchbare Sorten\nMetallpolitur, weshalb wir \t\t\t\t\tsie hier einfach \tnennen: \u201eSidol\u201c\noder \u201ePoliboy\u201c. \n<\/p>\n\n\n\n<p>&#8211;<strong>Stofflappen \/ Zellstofft\u00fccher<\/strong><strong>:<\/strong>\tF\u00fcr\ndie Reinigung und die Politur der Stolpersteine eignen sich\n\t\t\t\t\t\tPapiert\u00fccher\/Servietten. Wenn alte Lappen benutzt\nwerden, sollten \t\t\t\t\tdiese aus Naturfasern sein. St\u00fccke aus\nBaumwollshirts oder alten \t\t\t\t\tKleiderresten eignen sich besonders\nzum nachpolieren.<\/p>\n\n\n\n<p>&#8211; <strong>feinste<\/strong> <strong>Stahlwolle: <\/strong> Bei starker und hartn\u00e4ckiger Verschmutzung empfehlen wir <a href=\"https:\/\/lmddgtfy.net\/?q=feine%20stahlwolle%20000%200000\" target=\"_blank\" rel=\"noreferrer noopener\" aria-label=\" (\u00f6ffnet in neuem Tab)\">extra  feine Stahlwolle (Nr. 000 oder Nr. 0000 \u2013 je feiner desto besser!)<\/a> Diese ist in Baum\u00e4rkten zu bekommen. Sie sollte in ca. 5 cm lange  St\u00fccke geschnitten werden (abrei\u00dfen ist nicht m\u00f6glich). Auf keinen Fall sollten irgendwelche Topfreiniger, wie \u201eAko Pads\u201c  o.\u00c4. verwendet werden &#8211; weil sie zu grob sind und die Stolpersteine  zerkratzen.<\/p>\n\n\n\n<ul><li><strong>Transportbeh\u00e4lter<\/strong>:\n<\/li><\/ul>\n\n\n\n<p>Wenn\nman als Einzelperson oder Gruppe Stolpersteine regelm\u00e4\u00dfig putzen\nwill, lohnt es sich Kissen, Putzmittel und Lappen in einen einfachen\nBaumwollbeutel zu stecken, damit bei Bedarf nicht erst alles\nzusammengesucht werden muss. \n<\/p>\n\n\n\n<ul><li><strong>Der\n\tPutzvorgang<\/strong>\n<\/li><\/ul>\n\n\n\n<p>Wir\nlegen das Kissen vor den zu putzenden Stolperstein, nehmen Putzmittel\nund Lappen zur Hand und knien uns hin. Auf jeden Stolperstein (es\ngibt Steingruppen f\u00fcr ermordete Familien, oft sind es\nSinti-Familien) kommt nur ein kleiner Tropfen Putzmittel, der mit\neinem St\u00fcck feinster Stahlwolle zuerst leicht \u00fcber den Stein\nverteilt wird. Dann wird in mehreren G\u00e4ngen erst mit der Stahlwolle\ndas Putzmittel leicht eingerieben. Danach reiben wir mit dem\nZellstofftuch und sehr viel Druck \u00fcber die Messingplatte. Weil der\nZellstoff den Dreck aufnimmt und dabei schwarz wird, ist erkennbar,\nwann kein Putzdurchgang mehr n\u00f6tig ist.<\/p>\n\n\n\n<p><strong>Noch\neinmal<\/strong>: Es ist wichtig, mit ganz viel Kraftaufwand und\nm\u00f6glichst wenig Putzmittel, in so vielen Durchg\u00e4ngen zu putzen,\nbis der Stein gl\u00e4nzt. \n<\/p>\n\n\n\n<hr class=\"wp-block-separator\"\/>\n\n\n\n<p>Es\ngibt mittlerweile regelm\u00e4\u00dfige Putzeins\u00e4tze von Schulklassen,\nVereinen oder Einzelpersonen. Ohne Putzpat*innen, die f\u00fcr eine\nl\u00e4ngere Zeit die Verantwortung f\u00fcr einen ganz bestimmten\nStolperstein \u00fcbernehmen, besteht jedoch die Gefahr, dass die meisten\nSteine unsichtbar werden und bleiben.<\/p>\n\n\n\n<p>Der <a href=\"https:\/\/www.substanz-os.de\/?page_id=1170\">Stolperstein in der Verantwortung des SubstAnZ<\/a> wird (meistens) regelm\u00e4\u00dfig geputzt.<\/p>\n\n\n\n<p>Wir\nw\u00fcnschen uns f\u00fcr ALLE Stolpersteine viele Putzpatinnen und Paten,\nmit vielen erfolgreichen Putzeins\u00e4tzen!   \t<\/p>\n\n\n\n<ul class=\"wp-block-gallery columns-1 is-cropped wp-block-gallery-1 is-layout-flex\"><li class=\"blocks-gallery-item\"><figure><img decoding=\"async\" loading=\"lazy\" width=\"850\" height=\"740\" src=\"http:\/\/www.substanz-os.de\/wp-content\/uploads\/2018\/10\/Stolperstein-1-klein-e1650481713921.jpg\" alt=\"Stolperstein f\u00fcr Heinrich Stille, vor dem Haus Hermannstra\u00dfe 7\" data-id=\"225\" data-link=\"http:\/\/www.substanz-os.de\/?attachment_id=225\" class=\"wp-image-225\"\/><figcaption>Stolperstein f\u00fcr Heinrich Stille, vor dem Haus Hermannstra\u00dfe 7<\/figcaption><\/figure><\/li><\/ul>\n","protected":false},"excerpt":{"rendered":"<p>&#8211; Gesucht werden Menschen, die f\u00fcr einen Stolperstein vor ihrer Haust\u00fcr oder in der Nachbarschaft, die Verantwortung \u00fcbernehmen m\u00f6chten, so dass dieser Stein durch Putzen SICHTBAR bleibt. &#8211; Nach den ersten Verlegungen von Stolpersteinen stellte sich schnell heraus, dass die quadratischen Messingtafeln durch Feinstaub und Abgase erst stumpf und dann fast schwarz werden. An vielbefahrenen &hellip; <\/p>\n<p class=\"link-more\"><a href=\"https:\/\/www.substanz-os.de\/?page_id=1186\" class=\"more-link\"><span class=\"screen-reader-text\">\u201eStolpersteine suchen Putzpatinnen und Putzpaten\u201c<\/span> weiterlesen<\/a><\/p>\n","protected":false},"author":1,"featured_media":0,"parent":1170,"menu_order":0,"comment_status":"closed","ping_status":"closed","template":"","meta":[],"post_mailing_queue_ids":[],"_links":{"self":[{"href":"https:\/\/www.substanz-os.de\/index.php?rest_route=\/wp\/v2\/pages\/1186"}],"collection":[{"href":"https:\/\/www.substanz-os.de\/index.php?rest_route=\/wp\/v2\/pages"}],"about":[{"href":"https:\/\/www.substanz-os.de\/index.php?rest_route=\/wp\/v2\/types\/page"}],"author":[{"embeddable":true,"href":"https:\/\/www.substanz-os.de\/index.php?rest_route=\/wp\/v2\/users\/1"}],"replies":[{"embeddable":true,"href":"https:\/\/www.substanz-os.de\/index.php?rest_route=%2Fwp%2Fv2%2Fcomments&post=1186"}],"version-history":[{"count":9,"href":"https:\/\/www.substanz-os.de\/index.php?rest_route=\/wp\/v2\/pages\/1186\/revisions"}],"predecessor-version":[{"id":1202,"href":"https:\/\/www.substanz-os.de\/index.php?rest_route=\/wp\/v2\/pages\/1186\/revisions\/1202"}],"up":[{"embeddable":true,"href":"https:\/\/www.substanz-os.de\/index.php?rest_route=\/wp\/v2\/pages\/1170"}],"wp:attachment":[{"href":"https:\/\/www.substanz-os.de\/index.php?rest_route=%2Fwp%2Fv2%2Fmedia&parent=1186"}],"curies":[{"name":"wp","href":"https:\/\/api.w.org\/{rel}","templated":true}]}}