{"id":1170,"date":"2022-04-20T20:21:02","date_gmt":"2022-04-20T18:21:02","guid":{"rendered":"http:\/\/www.substanz-os.de\/?page_id=1170"},"modified":"2022-04-21T00:11:31","modified_gmt":"2022-04-20T22:11:31","slug":"das-substanz-ist-pate-eines-stolpersteines-in-osnabrueck","status":"publish","type":"page","link":"https:\/\/www.substanz-os.de\/?page_id=1170","title":{"rendered":"Das SubstAnZ ist Pate eines Stolpersteines in Osnabr\u00fcck"},"content":{"rendered":"\n<ul class=\"wp-block-gallery columns-2 is-cropped wp-block-gallery-1 is-layout-flex\"><li class=\"blocks-gallery-item\"><figure><img decoding=\"async\" loading=\"lazy\" width=\"850\" height=\"740\" src=\"http:\/\/www.substanz-os.de\/wp-content\/uploads\/2018\/10\/Stolperstein-1-klein-e1650481713921.jpg\" alt=\"Stolperstein f\u00fcr Heinrich Stille, vor dem Haus Hermannstra\u00dfe 7\" data-id=\"225\" data-link=\"http:\/\/www.substanz-os.de\/?attachment_id=225\" class=\"wp-image-225\"\/><figcaption>Stolperstein f\u00fcr Heinrich Stille, vor dem Haus Hermannstra\u00dfe 7<\/figcaption><\/figure><\/li><li class=\"blocks-gallery-item\"><figure><img decoding=\"async\" loading=\"lazy\" width=\"850\" height=\"638\" src=\"http:\/\/www.substanz-os.de\/wp-content\/uploads\/2018\/10\/Stolperstein-2-klein.jpg\" alt=\"\" data-id=\"226\" data-link=\"http:\/\/www.substanz-os.de\/?attachment_id=226\" class=\"wp-image-226\" srcset=\"https:\/\/www.substanz-os.de\/wp-content\/uploads\/2018\/10\/Stolperstein-2-klein.jpg 850w, https:\/\/www.substanz-os.de\/wp-content\/uploads\/2018\/10\/Stolperstein-2-klein-300x225.jpg 300w, https:\/\/www.substanz-os.de\/wp-content\/uploads\/2018\/10\/Stolperstein-2-klein-768x576.jpg 768w\" sizes=\"(max-width: 767px) 89vw, (max-width: 1000px) 54vw, (max-width: 1071px) 543px, 580px\" \/><figcaption>Tag der Verlegung des Stolpersteines f\u00fcr Heinrich Stille<\/figcaption><\/figure><\/li><\/ul>\n\n\n\n<p>Im str\u00f6menden Regen wurde am Dienstag, den 26. April 2016, ein <a href=\"https:\/\/geo.osnabrueck.de\/stolpersteine\/?i=gedenken\" target=\"_blank\" rel=\"noreferrer noopener\" aria-label=\"Stolperstein in Osnabr\u00fcck (\u00f6ffnet in neuem Tab)\">Stolperstein in Osnabr\u00fcck<\/a> verlegt. Gewidmet ist er Heinrich Stille. F\u00fcr diesen Stolperstein haben wir die Patenschaft \u00fcbernommen und m\u00f6chten hier die Biografie von Heinrich   Stille und seine Geschichte vorstellen.<\/p>\n\n\n\n<hr class=\"wp-block-separator\"\/>\n\n\n\n<p>Heinrich Stille wurde am 2. September 1904 in Osnabr\u00fcck geboren.<\/p>\n\n\n\n<p>Die Eltern von Heinrich Stille, der Arbeiter Lebrecht Stille aus \nIburg und Marie Beckmann, aus Wimmer heirateten am 1902 in Osnabr\u00fcck. \nDie Stilles wohnten zun\u00e4chst an der Mellerstra\u00dfe 78. Marie Stille \nbrachte eine sechsj\u00e4hrige Tochter mit in die Ehe. Das Paar bekam \nzusammen vier weitere Kinder. Die Zwillinge Else und Margareta, danach \nHeinrich und Friedrich.<\/p>\n\n\n\n<p>Vom Lebensweg Heinrichs verr\u00e4t die Kartei nur Bruchst\u00fcckhaftes. Er \nwar unverheiratet und von Beruf Schlosser. Mit 21 Jahren meldete er sich\n am 9.11.25 nach Nordhorn ab. Vom 20.2.1926 an lebte er wieder in \nOsnabr\u00fcck bei seinen Eltern. Am 16 Februar 1934 zog er nach Merzen und \nkam am 23. April 1934 zur\u00fcck zu seinen Eltern. Danach wohnt er bei \nseinem Bruder Friedrich und dessen Frau Helene vom 7. M\u00e4rz bis zum 18. \nOktober 1938 an der Alten M\u00fcnze 2. Als \u201cunbekannt verzogen\u201d abgemeldet \nist er bereits am 15.12 1938 wieder zur\u00fcck. Im Jahr darauf meldet er \nsich am 3. Juli zur Goldstra\u00dfe 33 ab, wo er bis zum 9. August 1940 lebt.<\/p>\n\n\n\n<p>Als er 1941 mit den Nationalsozialistischen Repressionsstrukturen in \nKonflikt geriet, war er noch immer unverheiratet. Sehr wahrscheinlich \nwar ihm die Zusammenarbeit des Arbeitsamtes mit der Gestapo nicht \nbekannt. Aus der Gestapokartei geht folgendes hervor:<\/p>\n\n\n\n<p>\u201c[Heinrich] <em>Stille wurde am 19.5.1941 festgenommen, weil er die ihm vom  Arbeitsamt zugewiesene Arbeit bei der Firma Hagedorn in Osnabr\u00fcck,  nicht aufgenommen hat, sondern sich als Gelegenheitsarbeiter bet\u00e4tigte.  Nach verantwortlicher Vernehmung und ernstlicher Warnung, wurde er am  26.5.41 wieder entlassen und dem Arbeitsamt zur Verf\u00fcgung gestellt. Ihm  ist die Auflage erteilt worden, sich jeden 2. Tag auf der hiesigen  Dienststelle zu melden.<\/em>\u201d<\/p>\n\n\n\n<p>Das Heinrich Stille nach dieser Woche Haft nicht die Gefahr erkannte, in der er sich befand, beweist ein weiterer Eintrag:<\/p>\n\n\n\n<p>Heinrich \u201cStille wurde am 10.6.41 erneut festgenommen, weil er die \nihm vom Arbeitsamt zugewiesene Arbeit nicht aufnahm, sondern weiterhin \nGelegenheitsarbeiten ausf\u00fchrte. Die Staatspolizeilichen Auflagen \nbeachtete er nicht. Bis zur Durchf\u00fchrung des gegen ihn eingeleiteten \nStrafverfahrens und nach Strafverb\u00fc\u00dfung, ist gegen ihn Schutzhaft und \n\u00dcberweisung in ein KL. beantragt worden.\u201d<\/p>\n\n\n\n<p>Am 2. September wird er als \u201cSchutzh\u00e4ftling\u201d eingesperrt und dann am \n21. Oktober von Osnabr\u00fcck in das Konzentrations Lager Niederhagen in \nWewelsburg bei Paderborn \u00fcberstellt.<\/p>\n\n\n\n<p>Die Wewelsburg war ein privates Projekt Heinrich Himmlers, der zur \nUmsetzung 1936 einen Verein gegr\u00fcndet hatte, dessen Vorsitzender er war.\n Die Bauarbeiten bestritt er am anfangs mit Arbeitsdienstangeh\u00f6rigen. \nAls diese 1938 zum \u201cWestwall\u201d abgezogen wurden, kamen ab Mai 1939 \nsogenannte Befristete Vorbeugeh\u00e4lftlinge (\u201cBV\u201d H\u00e4ftlinge) aus \nSachsenhausen zum Einsatz. Mit dem \u00dcberfall auf Polen am 1. September, \nwurden diese H\u00e4ftling zur\u00fcckgeschickt und die Arbeit erst nach dem Sieg \n\u00fcber Polen wieder aufgenommen.<\/p>\n\n\n\n<p>Seit Herbst 1940 wurden vor allem sog. \u201cAsoziale\u201d nach Wewelsburg \nverbracht. Am 7. Januar 1941 wurde das Au\u00dfenkommando ein Au\u00dfenlager des \nKZ Sachsenhausen. Am 1. September 1941 wurde es aus wirtschaftlichen \nGr\u00fcnden von Himmler an den Staat verkauft und zu einem selbstst\u00e4ndigen \nLager gemacht, das die Bezeichnung \u201cKonzentrationslager Niedernhagen\u201d \nerhielt, vermutlich um die Verkn\u00fcpfung von Himmlers Bauprojekt mit dem \nKZ zu verschleiern.<\/p>\n\n\n\n<p>Die Zuweisung von H\u00e4ftlingen erfolgte nicht nur \u00fcber andere KZ,  sondern auch \u201c<em>direkt \u00fcber Gestapostellen, vor allem aus dem Ruhrgebiet,  aber auch aus Paderborn oder Osnabr\u00fcck.<\/em>\u201d (Benz S.20)<\/p>\n\n\n\n<p>\u201c<em>Das KZ Niedernhagen wurde in der offiziellen Lagereinstufung \u2026 der  Stufe 1 f\u00fcr die &gt;wenig belasteten und unbedingt besserungsf\u00e4higen  Schutzhafth\u00e4ftlinge, Sonderf\u00e4lle und Einzelhaft&lt; zugeordnet. Die  realen Existenzbedingungen entsprachen allerdings in keiner Weise dieser  Einsch\u00e4tzung.<\/em>\u201d (S. 21)<\/p>\n\n\n\n<p>Die Ern\u00e4hrung verschlechterte sich 1941 stetig. Der Lagerarzt sprach von 600 \u2013 900 Kalorien am Tag.<\/p>\n\n\n\n<p>\u201c<em>Viele H\u00e4ftlinge starben an den Folgen der schweren Arbeit. Ein  Kommando war mit dem Um- und Ausbau des Nordturms der Wewelsburg  besch\u00e4ftigt. Bei den Ausschachtarbeiten in der &gt;Gruft&lt; mu\u00dften die  H\u00e4ftlinge den Felsboden mit nur unzureichenden Hilfsmitteln um mehr als 4  m ausheben. Die Arbeiten in der st\u00e4ndigen K\u00e4lte und Feuchtigkeit des  Kellergew\u00f6lbes bedeuteten schwerste, k\u00f6rperliche Anstrengung. Dennoch  galten die Arbeitskommandos am Nordturm als relativ sichere  Arbeitspl\u00e4tze unter den H\u00e4ftlingen, bei denen sie vor den Misshandlungen  der SS weitgehend gesch\u00fctzt waren. Anders dagegen die Arbeiten in den  drei Steinbr\u00fcchen (an der Burg, am Bahnhof und im mehrere Kilometer  entfernt gelegenen Dorf Ahden), beim Stra\u00dfenbau, beim Umbau des Hofes  Marx sowie dem Bau der SS- &gt;Waldsiedlung&lt;: von diesen Kommandos  wurden fast t\u00e4glich Tote zur\u00fcck in das Lager gebracht.<\/em>\u201d (S. 22)<\/p>\n\n\n\n<p>\u201c<em>\u2026 &gt;Waldsiedlung&lt; war ein bei den H\u00e4ftlingen gef\u00fcrchtetes  Strafkommando. Sie erlitten hier besondere Misshandlungen der SS und der  Kapos, meist &gt;asoziale&lt; oder BV-H\u00e4ftlinge. Die H\u00e4ftlinge mussten  schwere Felsbrocken im Laufschritt einen steilen Hang hinauf und wieder  hinabtragen und wurden dabei h\u00e4ufig geschlagen.<\/em>\u201d (S. 23)<\/p>\n\n\n\n<p>Nach der Umwandlung in ein Hauptlager stieg von August bis Ende 1941 die Zahl der Toten rapide an.<\/p>\n\n\n\n<p>In dieser Zeit wurde Heinrich Stille durch Osnabr\u00fccker  Gestaposchergen in das KZ Niedernhagen eingeliefert. In der  Gestapokartei wird sein Tod am 12. Dezember 1941 mit der  Ortsbezeichnung: \u201c<em>im KL.- in Wewelsburg verstorben.<\/em>\u201d dokumentiert.<\/p>\n\n\n\n<p>Heinrich Stille wurde in knapp 2 Monaten zu Tode geschunden, er wurde nur 37 Jahre alt.<\/p>\n\n\n\n<p>\u201c<em>Rund 3900 Menschen wurden in Wewelsburg inhaftiert und zur Arbeit  gezwungen. \u2026 Ganz im Sinne der Devise &gt;Vernichtung durch Arbeit&lt;  starben im KZ Niedernhagen mindestens 1285 Menschen.<\/em>\u201d (Pfeiffer*)<\/p>\n\n\n\n<p>Wie andere Opfergruppen einer Wertigkeitsideologie, die der \nb\u00fcrgerlichen Vorstellungswelt entstammte und vom Nationalsozialismus auf\n die Spitze getrieben wurde, wurde die Stigmatisierung sogenannter \n\u201cAsozialer\u201d im Entsch\u00e4digungsgesetz nach 1945 fortgeschrieben. Sie waren\n von jeder Entsch\u00e4digung ausgeschlossen.<\/p>\n\n\n\n<hr class=\"wp-block-separator is-style-wide\"\/>\n\n\n\n<p><a href=\"https:\/\/www.substanz-os.de\/?page_id=1186\"><em><strong>Im Rahmen der Patenschaft f\u00fcr diesen Stolperstein, k\u00fcmmern wir uns auch um die regelm\u00e4\u00dfige Pflege dieses Mahnmals.<\/strong><\/em><\/a><\/p>\n","protected":false},"excerpt":{"rendered":"<p>Im str\u00f6menden Regen wurde am Dienstag, den 26. April 2016, ein Stolperstein in Osnabr\u00fcck verlegt. Gewidmet ist er Heinrich Stille. F\u00fcr diesen Stolperstein haben wir die Patenschaft \u00fcbernommen und m\u00f6chten hier die Biografie von Heinrich Stille und seine Geschichte vorstellen. Heinrich Stille wurde am 2. September 1904 in Osnabr\u00fcck geboren. Die Eltern von Heinrich Stille, &hellip; <\/p>\n<p class=\"link-more\"><a href=\"https:\/\/www.substanz-os.de\/?page_id=1170\" class=\"more-link\"><span class=\"screen-reader-text\">\u201eDas SubstAnZ ist Pate eines Stolpersteines in Osnabr\u00fcck\u201c<\/span> weiterlesen<\/a><\/p>\n","protected":false},"author":1,"featured_media":0,"parent":7,"menu_order":5,"comment_status":"closed","ping_status":"closed","template":"","meta":[],"post_mailing_queue_ids":[],"_links":{"self":[{"href":"https:\/\/www.substanz-os.de\/index.php?rest_route=\/wp\/v2\/pages\/1170"}],"collection":[{"href":"https:\/\/www.substanz-os.de\/index.php?rest_route=\/wp\/v2\/pages"}],"about":[{"href":"https:\/\/www.substanz-os.de\/index.php?rest_route=\/wp\/v2\/types\/page"}],"author":[{"embeddable":true,"href":"https:\/\/www.substanz-os.de\/index.php?rest_route=\/wp\/v2\/users\/1"}],"replies":[{"embeddable":true,"href":"https:\/\/www.substanz-os.de\/index.php?rest_route=%2Fwp%2Fv2%2Fcomments&post=1170"}],"version-history":[{"count":12,"href":"https:\/\/www.substanz-os.de\/index.php?rest_route=\/wp\/v2\/pages\/1170\/revisions"}],"predecessor-version":[{"id":1203,"href":"https:\/\/www.substanz-os.de\/index.php?rest_route=\/wp\/v2\/pages\/1170\/revisions\/1203"}],"up":[{"embeddable":true,"href":"https:\/\/www.substanz-os.de\/index.php?rest_route=\/wp\/v2\/pages\/7"}],"wp:attachment":[{"href":"https:\/\/www.substanz-os.de\/index.php?rest_route=%2Fwp%2Fv2%2Fmedia&parent=1170"}],"curies":[{"name":"wp","href":"https:\/\/api.w.org\/{rel}","templated":true}]}}

Das SubstAnZ ist Pate eines Stolpersteines in Osnabrück

<ul class="wp-block-gallery columns-2 is-cropped wp-block-gallery-1 is-layout-flex"><li class="blocks-gallery-item"><figure><img decoding="async" loading="lazy" width="850" height="740" src="http://www.substanz-os.de/wp-content/uploads/2018/10/Stolperstein-1-klein-e1650481713921.jpg" alt="Stolperstein für Heinrich Stille, vor dem Haus Hermannstraße 7" data-id="225" data-link="http://www.substanz-os.de/?attachment_id=225" class="wp-image-225"/><figcaption>Stolperstein für Heinrich Stille, vor dem Haus Hermannstraße 7</figcaption></figure></li><li class="blocks-gallery-item"><figure><img decoding="async" loading="lazy" width="850" height="638" src="http://www.substanz-os.de/wp-content/uploads/2018/10/Stolperstein-2-klein.jpg" alt="" data-id="226" data-link="http://www.substanz-os.de/?attachment_id=226" class="wp-image-226" srcset="https://www.substanz-os.de/wp-content/uploads/2018/10/Stolperstein-2-klein.jpg 850w, https://www.substanz-os.de/wp-content/uploads/2018/10/Stolperstein-2-klein-300x225.jpg 300w, https://www.substanz-os.de/wp-content/uploads/2018/10/Stolperstein-2-klein-768x576.jpg 768w" sizes="(max-width: 767px) 89vw, (max-width: 1000px) 54vw, (max-width: 1071px) 543px, 580px" /><figcaption>Tag der Verlegung des Stolpersteines für Heinrich Stille</figcaption></figure></li></ul>



<p>Im strömenden Regen wurde am Dienstag, den 26. April 2016, ein <a href="https://geo.osnabrueck.de/stolpersteine/?i=gedenken" target="_blank" rel="noreferrer noopener" aria-label="Stolperstein in Osnabrück (öffnet in neuem Tab)">Stolperstein in Osnabrück</a> verlegt. Gewidmet ist er Heinrich Stille. Für diesen Stolperstein haben wir die Patenschaft übernommen und möchten hier die Biografie von Heinrich   Stille und seine Geschichte vorstellen.</p>



<hr class="wp-block-separator"/>



<p>Heinrich Stille wurde am 2. September 1904 in Osnabrück geboren.</p>



<p>Die Eltern von Heinrich Stille, der Arbeiter Lebrecht Stille aus 
Iburg und Marie Beckmann, aus Wimmer heirateten am 1902 in Osnabrück. 
Die Stilles wohnten zunächst an der Mellerstraße 78. Marie Stille 
brachte eine sechsjährige Tochter mit in die Ehe. Das Paar bekam 
zusammen vier weitere Kinder. Die Zwillinge Else und Margareta, danach 
Heinrich und Friedrich.</p>



<p>Vom Lebensweg Heinrichs verrät die Kartei nur Bruchstückhaftes. Er 
war unverheiratet und von Beruf Schlosser. Mit 21 Jahren meldete er sich
 am 9.11.25 nach Nordhorn ab. Vom 20.2.1926 an lebte er wieder in 
Osnabrück bei seinen Eltern. Am 16 Februar 1934 zog er nach Merzen und 
kam am 23. April 1934 zurück zu seinen Eltern. Danach wohnt er bei 
seinem Bruder Friedrich und dessen Frau Helene vom 7. März bis zum 18. 
Oktober 1938 an der Alten Münze 2. Als “unbekannt verzogen” abgemeldet 
ist er bereits am 15.12 1938 wieder zurück. Im Jahr darauf meldet er 
sich am 3. Juli zur Goldstraße 33 ab, wo er bis zum 9. August 1940 lebt.</p>



<p>Als er 1941 mit den Nationalsozialistischen Repressionsstrukturen in 
Konflikt geriet, war er noch immer unverheiratet. Sehr wahrscheinlich 
war ihm die Zusammenarbeit des Arbeitsamtes mit der Gestapo nicht 
bekannt. Aus der Gestapokartei geht folgendes hervor:</p>



<p>“[Heinrich] <em>Stille wurde am 19.5.1941 festgenommen, weil er die ihm vom  Arbeitsamt zugewiesene Arbeit bei der Firma Hagedorn in Osnabrück,  nicht aufgenommen hat, sondern sich als Gelegenheitsarbeiter betätigte.  Nach verantwortlicher Vernehmung und ernstlicher Warnung, wurde er am  26.5.41 wieder entlassen und dem Arbeitsamt zur Verfügung gestellt. Ihm  ist die Auflage erteilt worden, sich jeden 2. Tag auf der hiesigen  Dienststelle zu melden.</em>”</p>



<p>Das Heinrich Stille nach dieser Woche Haft nicht die Gefahr erkannte, in der er sich befand, beweist ein weiterer Eintrag:</p>



<p>Heinrich “Stille wurde am 10.6.41 erneut festgenommen, weil er die 
ihm vom Arbeitsamt zugewiesene Arbeit nicht aufnahm, sondern weiterhin 
Gelegenheitsarbeiten ausführte. Die Staatspolizeilichen Auflagen 
beachtete er nicht. Bis zur Durchführung des gegen ihn eingeleiteten 
Strafverfahrens und nach Strafverbüßung, ist gegen ihn Schutzhaft und 
Überweisung in ein KL. beantragt worden.”</p>



<p>Am 2. September wird er als “Schutzhäftling” eingesperrt und dann am 
21. Oktober von Osnabrück in das Konzentrations Lager Niederhagen in 
Wewelsburg bei Paderborn überstellt.</p>



<p>Die Wewelsburg war ein privates Projekt Heinrich Himmlers, der zur 
Umsetzung 1936 einen Verein gegründet hatte, dessen Vorsitzender er war.
 Die Bauarbeiten bestritt er am anfangs mit Arbeitsdienstangehörigen. 
Als diese 1938 zum “Westwall” abgezogen wurden, kamen ab Mai 1939 
sogenannte Befristete Vorbeugehälftlinge (“BV” Häftlinge) aus 
Sachsenhausen zum Einsatz. Mit dem Überfall auf Polen am 1. September, 
wurden diese Häftling zurückgeschickt und die Arbeit erst nach dem Sieg 
über Polen wieder aufgenommen.</p>



<p>Seit Herbst 1940 wurden vor allem sog. “Asoziale” nach Wewelsburg 
verbracht. Am 7. Januar 1941 wurde das Außenkommando ein Außenlager des 
KZ Sachsenhausen. Am 1. September 1941 wurde es aus wirtschaftlichen 
Gründen von Himmler an den Staat verkauft und zu einem selbstständigen 
Lager gemacht, das die Bezeichnung “Konzentrationslager Niedernhagen” 
erhielt, vermutlich um die Verknüpfung von Himmlers Bauprojekt mit dem 
KZ zu verschleiern.</p>



<p>Die Zuweisung von Häftlingen erfolgte nicht nur über andere KZ,  sondern auch “<em>direkt über Gestapostellen, vor allem aus dem Ruhrgebiet,  aber auch aus Paderborn oder Osnabrück.</em>” (Benz S.20)</p>



<p>“<em>Das KZ Niedernhagen wurde in der offiziellen Lagereinstufung … der  Stufe 1 für die &gt;wenig belasteten und unbedingt besserungsfähigen  Schutzhafthäftlinge, Sonderfälle und Einzelhaft&lt; zugeordnet. Die  realen Existenzbedingungen entsprachen allerdings in keiner Weise dieser  Einschätzung.</em>” (S. 21)</p>



<p>Die Ernährung verschlechterte sich 1941 stetig. Der Lagerarzt sprach von 600 – 900 Kalorien am Tag.</p>



<p>“<em>Viele Häftlinge starben an den Folgen der schweren Arbeit. Ein  Kommando war mit dem Um- und Ausbau des Nordturms der Wewelsburg  beschäftigt. Bei den Ausschachtarbeiten in der &gt;Gruft&lt; mußten die  Häftlinge den Felsboden mit nur unzureichenden Hilfsmitteln um mehr als 4  m ausheben. Die Arbeiten in der ständigen Kälte und Feuchtigkeit des  Kellergewölbes bedeuteten schwerste, körperliche Anstrengung. Dennoch  galten die Arbeitskommandos am Nordturm als relativ sichere  Arbeitsplätze unter den Häftlingen, bei denen sie vor den Misshandlungen  der SS weitgehend geschützt waren. Anders dagegen die Arbeiten in den  drei Steinbrüchen (an der Burg, am Bahnhof und im mehrere Kilometer  entfernt gelegenen Dorf Ahden), beim Straßenbau, beim Umbau des Hofes  Marx sowie dem Bau der SS- &gt;Waldsiedlung&lt;: von diesen Kommandos  wurden fast täglich Tote zurück in das Lager gebracht.</em>” (S. 22)</p>



<p>“<em>… &gt;Waldsiedlung&lt; war ein bei den Häftlingen gefürchtetes  Strafkommando. Sie erlitten hier besondere Misshandlungen der SS und der  Kapos, meist &gt;asoziale&lt; oder BV-Häftlinge. Die Häftlinge mussten  schwere Felsbrocken im Laufschritt einen steilen Hang hinauf und wieder  hinabtragen und wurden dabei häufig geschlagen.</em>” (S. 23)</p>



<p>Nach der Umwandlung in ein Hauptlager stieg von August bis Ende 1941 die Zahl der Toten rapide an.</p>



<p>In dieser Zeit wurde Heinrich Stille durch Osnabrücker  Gestaposchergen in das KZ Niedernhagen eingeliefert. In der  Gestapokartei wird sein Tod am 12. Dezember 1941 mit der  Ortsbezeichnung: “<em>im KL.- in Wewelsburg verstorben.</em>” dokumentiert.</p>



<p>Heinrich Stille wurde in knapp 2 Monaten zu Tode geschunden, er wurde nur 37 Jahre alt.</p>



<p>“<em>Rund 3900 Menschen wurden in Wewelsburg inhaftiert und zur Arbeit  gezwungen. … Ganz im Sinne der Devise &gt;Vernichtung durch Arbeit&lt;  starben im KZ Niedernhagen mindestens 1285 Menschen.</em>” (Pfeiffer*)</p>



<p>Wie andere Opfergruppen einer Wertigkeitsideologie, die der 
bürgerlichen Vorstellungswelt entstammte und vom Nationalsozialismus auf
 die Spitze getrieben wurde, wurde die Stigmatisierung sogenannter 
“Asozialer” im Entschädigungsgesetz nach 1945 fortgeschrieben. Sie waren
 von jeder Entschädigung ausgeschlossen.</p>



<hr class="wp-block-separator is-style-wide"/>



<p><a href="https://www.substanz-os.de/?page_id=1186"><em><strong>Im Rahmen der Patenschaft für diesen Stolperstein, kümmern wir uns auch um die regelmäßige Pflege dieses Mahnmals.</strong></em></a></p>

<p>Im strömenden Regen wurde am Dienstag, den 26. April 2016, ein Stolperstein in Osnabrück verlegt. Gewidmet ist er Heinrich Stille. Für diesen Stolperstein haben wir die Patenschaft übernommen und möchten hier die Biografie von Heinrich Stille und seine Geschichte vorstellen. Heinrich Stille wurde am 2. September 1904 in Osnabrück geboren. Die Eltern von Heinrich Stille, &hellip; </p>
<p class="link-more"><a href="https://www.substanz-os.de/?page_id=1170" class="more-link"><span class="screen-reader-text">„Das SubstAnZ ist Pate eines Stolpersteines in Osnabrück“</span> weiterlesen</a></p>
